i*g + 3 = 0, 10 = -5*g. Let j(y) = y**2 - y + 1. Give j(r).
1
Let c(d) = -4*d - 2. Suppose -37*j + 40*j + 12 = 0. Calculate c(j).
14
Let s(m) = -16*m. Let h = -34 + 41. Let y(x) = -3*x + 20. Let k be y(h). Give s(k).
16
Let h = -672 + 675. Let t(k) = -k**3 + 4*k**2 - k - 7. Calculate t(h).
-1
Suppose 20 = -6*z + 8. Let n(b) = 2*b**3 - 3*b**2 - 3*b - 2. Give n(z).
-24
Let z(v) = -7*v - 47*v**2 + 3 + 23*v**2 + 7*v**2 + 18*v**2. Determine z(7).
3
Let s = -45 - -51. Let o(i) = -i**2 + 5*i + 12. Give o(s).
6
Let s(p) = 9*p + 3. Let v(x) = -x - 3. Let q(r) = -s(r) - 2*v(r). Calculate q(1).
-4
Let c(v) be the first derivative of -v**2/2 - 2*v - 649. Calculate c(14).
-16
Let s(d) = -17*d**2 - d + 2. Let j(k) = 6*k**2 - 1. Let y(m) = 11*j(m) + 4*s(m). Let o(n) = 5*n**2 + 9*n + 7. Let l(q) = -3*o(q) - 7*y(q). Give l(-3).
-12
Let f(i) be the third derivative of -5*i**4/24 - 13*i**3/2 + 297*i**2 + 1. Determine f(-8).
1
Let s be (56/(-14))/((-2)/(-4)). Let t(k) = -k**3 - 8*k**2 - k + 5. Calculate t(s).
13
Let a(f) = f**3 - 6 + 11*f + 12*f**2 - 23*f**2 + 3*f. What is a(10)?
34
Let l(r) = -2*r**2 + 5*r - 3. Let m(c) = c**2 + 12*c - 22. Let a be m(-14). Suppose -9 = -q - a. Give l(q).
-6
Let p(i) be the second derivative of -i**3/6 - i**2/2 - i. Let b(w) = -w**2 - 14*w - 7. Let j be b(-14). What is p(j)?
6
Let y be ((-2)/8 + -2)*128/(-48). Suppose 3*c - 14 = a, a - 3*c - 16 = y*a. Let t(w) be the third derivative of -w**5/60 - w**4/4 - w**3 - 2*w**2. What is t(a)?
-1
Suppose -4*c - 20 = -6*c. Let q(h) = -h**3 + 10*h**2 - 12. Give q(c).
-12
Let h(v) = -3 + v**2 - 175*v - 171*v + 338*v. Give h(5).
-18
Let a(c) be the second derivative of -c**5/20 - c**4/2 + 4*c**3/3 + 31*c**2/2 - 7*c + 41. Determine a(-6).
-17
Suppose -7*r = -75 + 61. Suppose -4*a - 10 = -3*c, 0*c = r*c - 4. Let q(u) = -8*u**2 + 2*u + 1 + 0 - u. Give q(a).
-8
Let g(m) = -5*m**2 - 6. Let h(b) = -3*b**2 - b - 5. Let j(v) = -3*g(v) + 4*h(v). What is j(4)?
30
Suppose 4*s - 5 = 5*s. Let w(f) = f**2 + 3*f + 5. Let l be w(s). Let g = 14 - l. Let z(b) = 6*b**3 + 1. Give z(g).
-5
Let r(z) = -18*z**2 - 2*z + 3. Let s(g) = -20*g**2 - g + 2. Let l(k) = 2*r(k) - 3*s(k). Calculate l(-1).
25
Let z(m) be the first derivative of m**4/2 - m**3/3 + m**2/2 + 2*m - 79. Give z(-2).
-20
Let j(g) be the first derivative of 1/3*g**3 + 0*g**2 - 2 + g. Let c(v) = -15*v + 2. Let r be c(0). Calculate j(r).
5
Let r(u) = -2*u - 14. Suppose -3*t + 2*t = 2*v - 2, 39 = -3*t + 3*v. Let p be r(t). Let w(h) = -2*h**2 + h - 1. Determine w(p).
-7
Let d(n) be the third derivative of 0*n - 1/2*n**3 + 5*n**2 - 1/12*n**4 + 0. Calculate d(-4).
5
Let r be (-2)/6 + 16/3. Let k(z) be the first derivative of -1/4*z**4 + 5/3*z**3 - 11 - z**2 + 5*z. Determine k(r).
-5
Suppose 0 = -3*g + 3*y + 3, g - 3*y = 4*g + 27. Let o(z) = -z**3 - 5*z**2 - 3*z + 1. What is o(g)?
-3
Let o(k) = k**3 + 6*k**2 - 9*k - 1. Let h = 102 - 109. Give o(h).
13
Let d(s) = s**3 - 11*s**2 + 7. Suppose 3*n + 18*v = 15*v + 18, 17 = 2*n + v. What is d(n)?
7
Suppose j + 9 = 12, 5*j - 11 = -2*w. Let a(y) = -5*y**3 + y**2 + 3*y + 1. Determine a(w).
39
Let q(v) = -6*v**2 - v**2 + 0*v + 4 - v**3 - 5*v. Let y = -6075 + 6069. Calculate q(y).
-2
Let b(n) = 2*n - 27. Suppose 79 = 5*m - a, -2*m + 24*a - 20*a + 46 = 0. Calculate b(m).
3
Let c(v) = -4*v + 24. Let h be c(5). Let x(r) = -3 - 3*r**2 + 3*r**3 - 3*r**3 - h*r - r**3. Calculate x(-3).
9
Let g(m) = 10*m + 4. Let y(q) = -6*q**2 + 11*q - 8. Let j be y(1). Determine g(j).
-26
Suppose 367*l + 132 = 356*l. Let z(s) = -s**2 - 15*s - 8. Give z(l).
28
Let s(n) = -n**2 + 6*n - 2. Let h(m) = -6*m - 93. Let t be h(-16). Let l(v) = -3*v - 2*v**2 + v + 1 + 3*v**2. Let w be l(t). Give s(w).
6
Let q(h) = -29 + 8 + 92*h - 95*h. What is q(-9)?
6
Let t be 24/14 - 12/(-42). Let a = 11 - t. Suppose -25 = 5*f, 4*f + 12 + a = n. Let u(l) = 5*l**2 - 2*l + 1. Determine u(n).
4
Let z be 6070/18 - 4/18. Let f(h) = -z + 0*h**3 + h**3 - h**2 + 339. Calculate f(0).
2
Let o be -3 + 45/12 - (-3174)/184. Let g(p) = -p + 10. Calculate g(o).
-8
Let v = -448 + 441. Let t(l) = l**3 + 6*l**2 - 7*l + 3. What is t(v)?
3
Let v(m) = 4*m**2 - 17*m + 3. Let o be v(4). Let k(w) = -18*w. Determine k(o).
18
Let j(x) = x**2 + 3*x - 2. Suppose -k = k - 20. Let h be (0 + (-8)/6)/(3/(-27)). Let q = h - k. Give j(q).
8
Let h(f) = 5*f + 14. Let v(j) = 7*j + 21. Let l(c) = 8*h(c) - 5*v(c). Let p(y) = -6*y - 6. Let n(i) = -5*l(i) - 4*p(i). What is n(-7)?
-4
Let k = 304 - 1823/6. Let h(n) be the second derivative of -k*n**4 + 1/3*n**3 + 0 - n**2 - 3*n. Determine h(2).
-6
Let z(i) = -i**3 + i**2 + 2*i - 3. Let o = -52 + 60. Suppose 24*a = 28*a - o. Determine z(a).
-3
Suppose 5*d - 13 = 2*o, -3*d - 8 = -5*o - 12. Let n(q) = 8*q**2 - q + 1. What is n(o)?
8
Let w(y) = 2*y**2 - y. Suppose -v + 0*v = 0. Let s = 0 - v. Suppose s*c - 4 = 2*c. Determine w(c).
10
Let l(s) be the second derivative of s**3/6 - 6*s**2 + 21*s. Let p be (-2 + 9)*(4 - 3). Determine l(p).
-5
Let p(h) = -h**2 + 3*h + 20. Let k be p(6). Let y(g) = -6*g + g**2 - g + 6*g - 4 + 0*g**k. Give y(-3).
8
Suppose -3*n - 4*s = -6*s, n = -3*s + 11. Let k(p) = p**3 + 2. What is k(n)?
10
Let x(l) = l - 42*l**3 + 5*l + 41*l**3 - 7*l + l**2 - 8. What is x(0)?
-8
Suppose -q - l + 2*l + 1 = 0, 5*l - 15 = 0. Let b(a) be the first derivative of -5*a + 4 - 1/2*a**2. Calculate b(q).
-9
Let r(n) = -n**2 - 1 + 4*n**2 - 2*n**2 - 2*n. Suppose 34 = 11*y - 10*y. Suppose -2*k - y = -42. Give r(k).
7
Let t(j) = 5*j - 2. Suppose 0 = 3*m - 4*m + 1. Let p be t(m). Let k(h) = -6*h - 2. Let y(i) = 5*i + 2. Let a(c) = -4*k(c) - 5*y(c). What is a(p)?
-5
Let k be 12/9*(-1 + 11/2). Let w(i) = 3 + 2*i**2 + 6*i - k + 0*i**2 - 4. Give w(-5).
13
Suppose -4063 = -l - 4055. Let k(c) = -c**3 + 8*c**2 + 2*c - 10. Calculate k(l).
6
Suppose 2*w - 38 = -17*w. Let g(d) = 2*d**2 - 5*d + 2. Determine g(w).
0
Let n(r) be the second derivative of r**4/12 + r**3 + 2*r**2 - 18*r - 2. Give n(-3).
-5
Let c(k) = -k**2 - 2*k - 1. Let a = 394 + -396. Determine c(a).
-1
Let l(g) = 6*g - 3*g + 11*g**2 - 5*g**2 + g**3 + 1491 - 1486. Give l(-6).
-13
Let h(d) be the first derivative of -d**3/3 + 9*d**2/2 + 7*d + 7. Let y(g) = g**3 - g**2 - 33*g - 5. Let m be y(-5). What is h(m)?
-3
Let z = -103 + 28. Let k be ((-12)/(-10))/((-5)/z). Suppose 4*d - d + k = 0. Let b(n) = 2*n + 6. Calculate b(d).
-6
Let d = -169 - -145. Let x(z) be the first derivative of -z**2/2 + 9*z + 1. Let l(c) = 1. Let v(k) = d*l(k) + 3*x(k). Calculate v(2).
-3
Let p(q) = -17*q + 6 - 13*q + 47*q - 15*q. Calculate p(-6).
-6
Let s = 20 + -21. Let i(x) = 10*x**2 + 2*x + 1. Let v(z) be the third derivative of z**5/60 + 7*z**2. Let u(r) = -i(r) + v(r). Determine u(s).
-8
Let v(h) = -h**3 - 2*h**2 - h - 2. Suppose -10 = 3*c - 4*z, 4*z + 0*z + 32 = -4*c. Let t be c*(70/(-15) - -5). What is v(t)?
0
Suppose 0 = 4*r - 2 + 6. Let v = -24 - -16. Let q(y) = 4*y**3 - 6*y - 3. Let h(k) = 3*k**3 - 4*k - 2. Let f(g) = v*h(g) + 5*q(g). Calculate f(r).
3
Let d(o) = 5*o**3 - o**2 + 1. Let g = 783 - 784. Calculate d(g).
-5
Let r(z) = -7*z**3 + 2*z**2 - 2*z - 1. Let n(d) = 9*d**3 - 3*d**2 + 2*d + 2. Let o(f) = 4*n(f) + 5*r(f). Calculate o(3).
6
Let n(k) = k - 11. Let f be n(16). Let h(c) = -c**2 + 5*c + 3. Let v be h(f). Let t(b) = -3*b**3 + 8*b + 4*b**v - 10*b + 1 + 3*b - b**2. What is t(2)?
7
Let b(p) = p + 6. Suppose 2*r - 6 = 8. Let y(u) = 2*u + 12. Let i(n) = r*b(n) - 4*y(n). Calculate i(-3).
-3
Let w(d) = 6*d**2 + 2*d + 1. Let n(l) = l**3 - 5*l**2 + l - 6. Let p(j) = j**2 + 2*j + 2. Let t be p(-2). Suppose -t - 3 = -y. Let s be n(y). What is w(s)?
5
Let g(s) = 0*s**2 - 5*s**2 + 0*s + 6*s - 3 + s**3. Let z be ((-120)/25 + 4)*-5. Give g(z).
5
Suppose -2*i = -0*i. Suppose i = -t - 2 + 5. Let y(a) be the first derivative of a**3/3 - 2*a**2 + 2*a + 7. Calculate y(t).
-1
Let d(x) be the second derivative of x**4/24 - x**3/6 + x**2 + x. Let c(g) be the first derivative of d(g). Let n = 1514 - 1520. Determine c(n).
-7
Let c(x) be the third derivative of x**4/3 + x**3 + 443*x**2. Determine c(0).
6
Let w(q) be the first derivative of q**6/120 + q**5/10 + q**4/6 - q**3/6 + 4*q**2 + 9. Let f(h) be the second derivative of w(h). Determine f(-5).
4
Let q(f) = f**3 - 21*f**2 + 19*f - 21. Let n(j) = -4*j**3 + 85*j**2 - 76*j + 84. Let c(l)